{"id":640,"date":"2018-02-02T11:18:18","date_gmt":"2018-02-02T11:18:18","guid":{"rendered":"http:\/\/life-voicing.de\/?page_id=640"},"modified":"2026-01-19T20:35:35","modified_gmt":"2026-01-19T20:35:35","slug":"impressum","status":"publish","type":"page","link":"https:\/\/life-voicing.de\/?page_id=640","title":{"rendered":"IMPRESSUM"},"content":{"rendered":"<p>[vc_row][vc_column][vc_column_text]IMPRESSUM<\/p>\n<p class=\"p3\"><strong>Angaben gem\u00e4\u00df \u00a7 5 TMG:<\/strong><\/p>\n<p class=\"p4\">Trio A Due<br \/>\nFelicitas Weyer<\/p>\n<p class=\"p4\">Buchenstr. 23<\/p>\n<p>97228 Rottendorf<\/p>\n<p class=\"p3\"><strong>Vertreten durch:<\/strong><\/p>\n<p class=\"p4\">Felicitas Weyer,&nbsp;Dr. Almut Seebeck<\/p>\n<p class=\"p3\"><strong>Kontakt<\/strong>:<\/p>\n<p class=\"p4\">Telefon: <a dir=\"ltr\" href=\"tel:+49%20931%203051%208533\">+49 172 2663315<\/a><br \/>\nE-Mail: info@trio-a-due.de<\/p>\n<p class=\"p3\"><strong>Streitschlichtung<\/strong><\/p>\n<p class=\"p4\">Die Europ\u00e4ische Kommission stellt eine Plattform zur Online-Streitbeilegung (OS) bereit:<\/p>\n<p class=\"p5\">https:\/\/ec.europa.eu\/consumers\/odr<\/p>\n<p class=\"p4\">Unsere E-Mail-Adresse finden Sie oben im Impressum.<\/p>\n<p class=\"p4\">Wir sind nicht bereit oder verpflichtet, an Streitbeilegungsverfahren vor einer<\/p>\n<p class=\"p4\">Verbraucherschlichtungsstelle teilzunehmen.<\/p>\n<p class=\"p3\"><strong>Haftung f<span class=\"s2\">\u00fc<\/span>r Inhalte<\/strong><\/p>\n<p class=\"p4\">Als Diensteanbieter sind wir gem\u00e4\u00df \u00a7 7 Abs.1 TMG f<span class=\"s1\">\u00fc<\/span>r eigene Inhalte auf diesen Seiten nach den<\/p>\n<p class=\"p4\">allgemeinen Gesetzen verantwortlich. Nach \u00a7\u00a7 8 bis 10 TMG sind wir als Diensteanbieter jedoch nicht<\/p>\n<p class=\"p4\">verpflichtet, <span class=\"s1\">\u00fc<\/span>bermittelte oder gespeicherte fremde Informationen zu <span class=\"s1\">\u00fc<\/span>berwachen oder nach Umst\u00e4nden<\/p>\n<p class=\"p4\">zu forschen, die auf eine rechtswidrige T\u00e4tigkeit hinweisen.<\/p>\n<p class=\"p4\">Verpflichtungen zur Entfernung oder Sperrung der Nutzung von Informationen nach den allgemeinen&nbsp;Gesetzen bleiben hiervon unber<span class=\"s1\">\u00fc<\/span>hrt. Eine diesbez<span class=\"s1\">\u00fc<\/span>gliche Haftung ist jedoch erst ab dem Zeitpunkt der<\/p>\n<p class=\"p4\">Kenntnis einer konkreten Rechtsverletzung m\u00f6glich. Bei Bekanntwerden von entsprechenden&nbsp;Rechtsverletzungen werden wir diese Inhalte umgehend entfernen.<\/p>\n<p class=\"p3\"><strong>Haftung f<span class=\"s2\">\u00fc<\/span>r Links<\/strong><\/p>\n<p class=\"p4\">Unser Angebot enth\u00e4lt Links zu externen Webseiten Dritter, auf deren Inhalte wir keinen Einfluss haben.<\/p>\n<p class=\"p4\">Deshalb k\u00f6nnen wir f<span class=\"s1\">\u00fc<\/span>r diese fremden Inhalte auch keine Gew\u00e4hr <span class=\"s1\">\u00fc<\/span>bernehmen. F<span class=\"s1\">\u00fc<\/span>r die Inhalte der<\/p>\n<p class=\"p4\">verlinkten Seiten ist stets der jeweilige Anbieter oder Betreiber der Seiten verantwortlich. Die verlinkten<\/p>\n<p class=\"p4\">Seiten wurden zum Zeitpunkt der Verlinkung auf m\u00f6gliche Rechtsverst\u00f6\u00dfe <span class=\"s1\">\u00fc<\/span>berpr<span class=\"s1\">\u00fc<\/span>ft. Rechtswidrige<\/p>\n<p class=\"p4\">Inhalte waren zum Zeitpunkt der Verlinkung nicht erkennbar.<\/p>\n<p class=\"p4\">Eine permanente inhaltliche Kontrolle der verlinkten Seiten ist jedoch ohne konkrete Anhaltspunkte einer<\/p>\n<p class=\"p4\">Rechtsverletzung nicht zumutbar. Bei Bekanntwerden von Rechtsverletzungen werden wir derartige Links<\/p>\n<p class=\"p4\">umgehend entfernen.<\/p>\n<p class=\"p3\"><strong>Urheberrecht<\/strong><\/p>\n<p class=\"p4\">Die durch die Seitenbetreiber erstellten Inhalte und Werke auf diesen Seiten unterliegen dem deutschen<\/p>\n<p class=\"p4\">Urheberrecht. Die Vervielf\u00e4ltigung, Bearbeitung, Verbreitung und jede Art der Verwertung au\u00dferhalb der<\/p>\n<p class=\"p4\">Grenzen des Urheberrechtes bed<span class=\"s1\">\u00fc<\/span>rfen der schriftlichen Zustimmung des jeweiligen Autors bzw.<\/p>\n<p class=\"p4\">Erstellers. Downloads und Kopien dieser Seite sind nur f<span class=\"s1\">\u00fc<\/span>r den privaten, nicht kommerziellen Gebrauch<\/p>\n<p class=\"p4\">gestattet.<\/p>\n<p class=\"p4\">Soweit die Inhalte auf dieser Seite nicht vom Betreiber erstellt wurden, werden die Urheberrechte Dritter<\/p>\n<p class=\"p4\">beachtet. Insbesondere werden Inhalte Dritter als solche gekennzeichnet. Sollten Sie trotzdem auf eine<\/p>\n<p class=\"p4\">Urheberrechtsverletzung aufmerksam werden, bitten wir um einen entsprechenden Hinweis. Bei<\/p>\n<p class=\"p4\">Bekanntwerden von Rechtsverletzungen werden wir derartige Inhalte umgehend entfernen.<\/p>\n<p class=\"p5\"><span class=\"s3\">Quelle: <\/span>e-recht24.de<\/p>\n<p>&nbsp;[\/vc_column_text][\/vc_column][\/vc_row]<\/p>\n","protected":false},"excerpt":{"rendered":"<p>[vc_row][vc_column][vc_column_text]IMPRESSUM Angaben gem\u00e4\u00df \u00a7 5 TMG: Trio A Due Felicitas Weyer Buchenstr. 23 97228 Rottendorf Vertreten durch: Felicitas Weyer,&nbsp;Dr. Almut Seebeck Kontakt: Telefon: +49 172 2663315 E-Mail: info@trio-a-due.de Streitschlichtung Die Europ\u00e4ische Kommission stellt eine Plattform zur Online-Streitbeilegung (OS) bereit: https:\/\/ec.europa.eu\/consumers\/odr Unsere E-Mail-Adresse finden Sie oben im Impressum. Wir sind nicht bereit oder verpflichtet, an Streitbeilegungsverfahren [&hellip;]<\/p>\n","protected":false},"author":1,"featured_media":0,"parent":0,"menu_order":0,"comment_status":"closed","ping_status":"closed","template":"","meta":[],"_links":{"self":[{"href":"https:\/\/life-voicing.de\/index.php?rest_route=\/wp\/v2\/pages\/640"}],"collection":[{"href":"https:\/\/life-voicing.de\/index.php?rest_route=\/wp\/v2\/pages"}],"about":[{"href":"https:\/\/life-voicing.de\/index.php?rest_route=\/wp\/v2\/types\/page"}],"author":[{"embeddable":true,"href":"https:\/\/life-voicing.de\/index.php?rest_route=\/wp\/v2\/users\/1"}],"replies":[{"embeddable":true,"href":"https:\/\/life-voicing.de\/index.php?rest_route=%2Fwp%2Fv2%2Fcomments&post=640"}],"version-history":[{"count":10,"href":"https:\/\/life-voicing.de\/index.php?rest_route=\/wp\/v2\/pages\/640\/revisions"}],"predecessor-version":[{"id":840,"href":"https:\/\/life-voicing.de\/index.php?rest_route=\/wp\/v2\/pages\/640\/revisions\/840"}],"wp:attachment":[{"href":"https:\/\/life-voicing.de\/index.php?rest_route=%2Fwp%2Fv2%2Fmedia&parent=640"}],"curies":[{"name":"wp","href":"https:\/\/api.w.org\/{rel}","templated":true}]}}